pose 20*z = 15*z + m. What are the prime factors of z?
2, 167
Let k be (-4)/20 - 62/(-10). Suppose k*i - 590 = -86. What are the prime factors of i?
2, 3, 7
Suppose 0 = -3*u - u - 8. Let s be ((-60)/(-35))/(u/(-42)). Suppose s + 200 = 4*x. List the prime factors of x.
59
Let m(t) = 6*t + 10. Let c be m(6). Suppose 175 = 5*v + q, v = 2*v - 2*q - c. What are the prime factors of v?
2, 3
Let l be 8/(-16)*(1 + -7). Suppose -10 = -l*h + h. Let y(g) = g**2 - 2*g - 3. What are the prime factors of y(h)?
2, 3
Suppose 3*c - 5*s - 342 = 0, -4*c - 140 = 5*s - 561. What are the prime factors of c?
109
Suppose -2*z + 4*z + 2*w = 1066, 2*w - 2132 = -4*z. List the prime factors of z.
13, 41
Let t(m) be the third derivative of m**5/60 + m**4/4 - 4*m**3/3 + 6*m**2. Let y be t(-7). What are the prime factors of y + (-5)/(20/(-108))?
2, 13
Let m = -293 - -298. Suppose -5*t = -2*i + 43, -2*i + 2*t + 1 = -27. Suppose m*b + i = 29. List the prime factors of b.
2
Let w be (2 + 0 + 25)*8/12. Suppose -29*u + 31*u - w = 0. List the prime factors of u.
3
Let p = -306 - -598. What are the prime factors of 1/((2 + 2)/p)?
73
Suppose 0 = -3*s + 2 + 34. Suppose g = z + 4*z - 23, -4*g - s = 0. Suppose -5*b = -4*j - 165, 3*b - 47 = -z*j + 84. What are the prime factors of b?
37
Let v(s) = s. Let w be v(2). Suppose -d + 2*h = -0*d - 38, -5*d + 214 = -w*h. What are the prime factors of d?
2, 11
Let x be (-11)/(-3) - 4/(-12). Let q = 103 - 52. Suppose 7*d - q = x*d. What are the prime factors of d?
17
Let q = -647 + 888. What are the prime factors of q?
241
Let d = -15 - -20. Suppose -635 = -3*w + d*z, -4*w - 10 = -4*z - 862. List the prime factors of w.
5, 43
Let k(r) = r**2 + 7*r + 4. Let x be k(-7). Suppose 0 = 3*n + 3*l - 2*l - x, -4*n - 16 = -4*l. Suppose -o - o + 76 = n. List the prime factors of o.
2, 19
Let y be (-9)/((-45)/20) + -1. Suppose 0 = 5*f - 4*q - 14, -2*f + 50 = y*f + 5*q. What are the prime factors of f?
2, 3
Suppose -119 = 2*x + 5*z, -4*x + z = 29 + 220. Let f = 176 + x. What are the prime factors of (3 + -1)/(12/f)?
19
Let g(c) = -57*c**3 + 2*c + 1. What are the prime factors of g(-2)?
3, 151
Suppose -30960 = -9*i - 6*i. List the prime factors of i.
2, 3, 43
Suppose l + 2*x = -2 - 1, -x - 14 = -2*l. Suppose 4*y - 60 - 80 = 2*c, -l*y = -2*c - 176. List the prime factors of y.
2, 3
Let u(v) = -v**2 + 11*v - 4. Let f be u(10). Suppose f*i - 18 = 7*i. What are the prime factors of (-38 + -1)*12/i?
2, 13
Suppose 50 - 30 = 4*y. Suppose -y*z - 532 = -9*z. List the prime factors of z.
7, 19
Suppose 3*k = g + 3*g + 63, k - 87 = 5*g. Let h = g - -27. List the prime factors of h/6*10 + -1.
2, 7
Let y(c) = -c**2 - 25*c + 29. Let b be y(-26). List the prime factors of 1338/(-4)*(0 - 2/b).
223
Let s(r) = 2*r**2 + 5*r - 40. List the prime factors of s(10).
2, 3, 5, 7
Let r(v) = v**3 - 6*v**2 + 9*v. Let l(k) = -k**3 + 5*k**2 - 8*k + 1. Let z(m) = 4*l(m) + 3*r(m). Let n be z(3). Let i = 0 - n. List the prime factors of i.
2, 5
Let b(h) = -3*h**3 - 13*h**2 - 38*h + 4. List the prime factors of b(-8).
2, 11, 23
Let f(d) = 3*d + 14. Let g = -31 + 31. List the prime factors of f(g).
2, 7
Let m(n) = 27*n**2 - 17*n + 96. List the prime factors of m(7).
2, 5, 13
Suppose 0 = 5*h + 25, -4*a - 2*h - 11 = 3. Let p(t) = -26*t - 4. List the prime factors of p(a).
2, 11
Let v(b) = 234*b - 441. What are the prime factors of v(18)?
3, 419
Let w(f) = -2*f + 4. Suppose -15 = 4*z - z. Let r be w(z). Suppose -2*s + 4*s - r = 0. What are the prime factors of s?
7
Let d = -6 - -9. Suppose -x = d*x - 12. Let p = x + 7. What are the prime factors of p?
2, 5
Let g = -2562 - -4414. What are the prime factors of g?
2, 463
Suppose -16*q = -26019 - 5981. List the prime factors of q.
2, 5
Let m = 12 + -7. Let l be (-3)/10*(-63 + 53). List the prime factors of (l/(-6))/(m/(-490)).
7
Let n(l) = 2*l**2 - 13*l - 4. Let a be n(11). Let r = 191 - a. List the prime factors of r.
2, 3
Suppose 5*s + b = 225 + 142, 3*s - 4*b - 234 = 0. Let i = 172 - s. What are the prime factors of i?
2, 7
List the prime factors of (-152 + 5 + -11)/(-2).
79
Let y = 50 - -977. What are the prime factors of y?
13, 79
Let a = 18 - 13. Suppose 3*m - a*b = -3*b + 207, -5*m + 4*b = -347. List the prime factors of m.
67
Let o(f) = -2*f - 2. Let v(b) = -6*b - 5. Let j(z) = -17*o(z) + 6*v(z). What are the prime factors of j(-10)?
2, 3
Suppose -5 = -3*i - c, c = -2*i - 0*c + 5. List the prime factors of i/1*1 + (23 - -186).
11, 19
Suppose 3*v = 0, 22 = 5*p + 2*v - 8. List the prime factors of ((-29)/3)/((-2)/p).
29
Let z(q) = q + 3. Let h be z(-6). Let n be (-2)/(4/h)*12. Let i = 24 - n. List the prime factors of i.
2, 3
Suppose -89*v = -90*v + 4. Suppose 0 = -5*j + 3*u + 222 + 855, 859 = v*j - 5*u. What are the prime factors of j?
2, 3
Let d = -10 - -20. Suppose 0 = -5*x + d, 3*i = 8*i + 3*x - 311. List the prime factors of i.
61
Suppose 200 = n - 143. Let l be (n + 5)*(-2)/(-6). Suppose 408 - l = 4*c. List the prime factors of c.
73
Let x be ((-120)/(-50))/(2/30). Let c = x + 56. What are the prime factors of c?
2, 23
Let t be (-4097)/51 + -2*1/(-6). Let v = t + 158. List the prime factors of v.
2, 3, 13
List the prime factors of (-37)/370 + 48962/20.
2, 3, 17
Let o be 0/((-3*2)/3). Suppose o = -0*g - 4*g - 156. Let x = -3 - g. List the prime factors of x.
2, 3
Let y(v) be the third derivative of 2*v**4/3 - 4*v**3/3 + 4*v**2. List the prime factors of y(6).
2, 11
Suppose -v - 1 = 3. Let p = v - -4. Suppose -5*i + 10*i - 125 = p. List the prime factors of i.
5
List the prime factors of 285/38*7856/10.
2, 3, 491
Let p = -9 + 16. Suppose -4*l + p = -i, 5*i + l + l = -13. What are the prime factors of i/9*(-74 + -1)?
5
Suppose -4*n + 0*k - 4*k = -6336, -5*k - 1590 = -n. What are the prime factors of n?
5, 317
Let h(i) = -6 + 0*i + i - 2*i + 8*i. Let c be (10/8)/((-3)/(-12)). What are the prime factors of h(c)?
29
Let h = 2435 + -763. List the prime factors of h.
2, 11, 19
Suppose 7 = -6*c + 37. Suppose 0*v = c*v - 340. List the prime factors of v.
2, 17
Suppose 20*h = 10*h + 2970. List the prime factors of h.
3, 11
Let p = -14 - -137. Suppose 2*s + 117 + p = -4*g, s = 4*g + 246. Let k = -8 - g. List the prime factors of k.
53
Let g = 3305 + -1747. What are the prime factors of g?
2, 19, 41
List the prime factors of (622/3)/(4/(-24)*-2).
2, 311
Let v(s) = -s**3 + 6*s**2 + 4. Let a be v(6). Suppose 7*x - 5*x = a*i + 422, -4*x = 2*i - 844. What are the prime factors of x?
211
Let j(u) = 909*u - 820. What are the prime factors of j(6)?
2, 7, 331
Suppose 0 = 4*p + 3*z - 6*z - 2135, 5*p - z - 2666 = 0. What are the prime factors of p?
13, 41
Suppose 2*b - 2835 = -3*b + g, -b - 5*g + 593 = 0. What are the prime factors of b?
2, 71
Let k = -35 + 25. Let o = k - -16. Let z(m) = m**3 - 7*m**2 + 8*m + 2. What are the prime factors of z(o)?
2, 7
Suppose 1099 + 1801 = 10*x. List the prime factors of x.
2, 5, 29
Let s = -101 - -138. Let c = s - -3. What are the prime factors of c?
2, 5
Suppose -334 = -4*g - 2*b, -b - b + 417 = 5*g. Let r = -38 + g. What are the prime factors of r?
3, 5
What are the prime factors of (50/(-4) - (-1 + 3))*-4?
2, 29
Let o(q) = 0*q**3 + 2*q + 90 - 96 - q**3 + 8*q**2. What are the prime factors of o(7)?
3, 19
Suppose -14*d + 3714 + 584 = 0. List the prime factors of d.
307
Let g(r) = -130*r + 195. What are the prime factors of g(-6)?
3, 5, 13
Let m = -42 + 80. List the prime factors of (m - -7) + (3 - -2).
2, 5
Suppose -7*v - 4 = 10. What are the prime factors of v/(-10)*(1 - -234)?
47
Let j = -220 + 124. Let u = j - -56. List the prime factors of (-744)/u + (-2)/(-5).
19
Let a(w) = -w**3 - 8*w**2 + 26*w - 10. Let r be (-2)/(-4) + 6/4. Suppose 0 = r*t + 3*t + 55. What are the prime factors of a(t)?
67
Let z = -22 - -341. What are the prime factors of z?
11, 29
Let k(j) = -4*j - 5. Let d be k(6). Let n = -7 - d. List the prime factors of n.
2, 11
List the prime factors of (3111/4)/3 - 12/(-16).
2, 5, 13
Let y(g) = -g**3 - 8*g**2 + 7*g - 6. Let z be y(-9). Suppose d = -d - z. Let s(f) = -f**3 - 5*f**2 + 2*f - 4. What are the prime factors of s(d)?
2, 5
Let f = 88 + -77. List the prime factors of (f + -13)*237/(-2).
3, 79
Let t(h) be the second derivative of 2*h**3/3 - 6*h**2 - 14*h. Suppose -2*y - 4*q + 16 = -q, -5*q - 8 = -y